site?
True
Suppose 0*v - 2*v = 8. Let x be 15/(-10) + (-1562)/v. Suppose 4*m - x = -3*h, 3*m - 85 = -h + 48. Is h prime?
True
Let k = 589 - -1041. Let g = 2321 - k. Is g a composite number?
False
Let u be (3 - -1)/(6/(-27)). Let y = -17 - u. Is y*2 + (-31)/(-1) a prime number?
False
Let n(x) = 3*x**2 - 4*x - 141. Is n(26) a prime number?
True
Suppose -6*l + 4*l = -252. Suppose -2*g - 4*o = -l, 2*g + 2*o = -3*o + 131. Is g prime?
True
Let c(j) = -3*j**3 - 4*j**2 + 4. Let s be c(-2). Let a(z) = 2*z**2 - 4*z + 11. Is a(s) composite?
False
Let i(n) = 3*n - 16. Let r be (-14)/(((-4)/(-1))/(-2)). Let o be i(r). Suppose -o*t + 648 = 13. Is t a composite number?
False
Is 69/23*22786/6 composite?
False
Let f be (-4)/(-18) + 50/18. Suppose 0 = f*d - 5*d - 14. Is d/((-21)/306) + 1 a composite number?
False
Let z = -1447 - -4904. Is z prime?
True
Suppose 3*o + 50 - 18 = 5*m, -3*o - 30 = -3*m. Let a = 2 - o. Suppose -k - 8 = -3*c, a = 5*c - 3*k - k. Is c composite?
False
Suppose -u + 76*o - 71*o = -5153, 0 = -u - 5*o + 5133. Is u prime?
False
Let g(v) = -v**2 - 5*v + 3. Let b = 13 - 18. Let t be g(b). Is t + 196*(3 - 2) prime?
True
Let g be (1 - (2 - 1))/(-2). Suppose 2*s + g*x - 410 = 4*x, -x = -3*s + 630. Is s a composite number?
False
Suppose 5*z + 0*k - 73675 = 5*k, 5*k - 14753 = -z. Is (-4)/(-8) - (z/(-4) - -2) prime?
False
Is -21662*(42/(-7))/12 a composite number?
False
Suppose 35721 - 237055 = -14*x. Is x prime?
False
Let o(l) = 2*l**2 + l. Let k be o(-3). Suppose k = -6*s + 3*s. Let t(a) = 2*a**2 + 4*a - 8. Is t(s) a composite number?
True
Let h(j) = -16*j - j**2 + 2*j**2 - 12 - j. Let g be h(17). Is ((-4267)/34)/(2/g) composite?
True
Suppose -60729 = -5*d - 4*q, -6*d - 5*q + 24278 = -4*d. Is d composite?
False
Suppose -99*d + 93705 = -84*d. Is d a prime number?
True
Suppose 4*f - 4*j = 5*f - 20, 25 = -f + 5*j. Suppose -5*l + b + 24310 = f, 5*l = 3*l + 3*b + 9737. Is l composite?
False
Let t(n) = n**2 + 5*n + 4. Let w be t(-1). Let f(a) = a + 2053. Is f(w) composite?
False
Let q = -2 + 5. Suppose 2*a + 15 = -q*a. Is (2/6)/(a/(-126)) prime?
False
Let w = 37 - 37. Suppose -3*l = 3*v - 21, -5*v = -4*l - 0*l + 10. Suppose 872 = z + 3*z - l*f, w = z - 4*f - 207. Is z a composite number?
False
Suppose -5*i + 6 = -14. Suppose 0*a - 3*j = 5*a - 943, -4*a = i*j - 748. Is a composite?
False
Suppose 4*s + 3*d - 27632 = 7*d, -27653 = -4*s - 3*d. Is s prime?
True
Suppose 5*z - 9735 + 55350 = 4*g, 4*g - 45621 = -z. Is g a composite number?
True
Let r(y) = -2*y**2 - 22*y + y**2 + 0*y + 16 - 14*y. Let b be r(-15). Suppose 3*s + b = 4*s. Is s composite?
False
Suppose -120*w + 106*w = -35714. Is w composite?
False
Suppose 27*n - 7343 = 20*n. Is n composite?
False
Let z(p) = 9*p - 2. Let d be z(3). Suppose -v = -6*v + d. Is -4 + v + (-316)/(-1) a composite number?
False
Is 899904/20 - (4/5)/4 a composite number?
True
Let n(x) = 5807*x**2 - 21*x - 39. Is n(-2) prime?
False
Let b(a) be the second derivative of -1/20*a**5 + 11/12*a**4 - 6*a**2 + 1/3*a**3 + a + 0. Is b(11) a composite number?
True
Let v(o) be the second derivative of 13*o**3/6 + 11*o**2/2 + 10*o. Is v(8) prime?
False
Let o(n) = -56*n - 9. Let d be o(-4). Let u be d/4 - (-1)/4. Is 6600/u - 8/36 a composite number?
True
Suppose 5*o = 4 + 6. Is 1*(25/10 - o/4) a composite number?
False
Let v(u) = 5*u**3 - 1. Let i = -11 - -12. Let d be v(i). Suppose 5*t = -2*x + 169, -173 = 4*t - 9*t - d*x. Is t a composite number?
True
Let x(t) = 235*t - 45. Suppose 0 = s + 3 + 4. Let n(r) = -78*r + 15. Let k(h) = s*n(h) - 2*x(h). Is k(11) a prime number?
True
Suppose 4*g + 2*z = 182275 + 21061, -4 = -2*z. Is g composite?
False
Suppose 2*v - 8534 = l + l, -5*v + l + 21351 = 0. Is v composite?
False
Suppose 42*d = 33*d + 8271. Is d prime?
True
Suppose -3*k = -3*q - k - 10, -25 = 4*q - 5*k. Is (-3)/(-2)*(q - (-970)/15) a prime number?
True
Suppose 5*y - 2333 = 6122. Is y a composite number?
True
Is (-2104 - -5)*17/(-17) a composite number?
False
Let x(g) = -190*g + 28. Let v be x(-3). Let u = v - 295. Is u a prime number?
False
Suppose -3*j + 4*j + t + 199 = 0, 2*t = j + 193. Let f = j + 380. Let k = f + -64. Is k a composite number?
True
Suppose -4*o + 10440 = j, -6645 = -2*o + j - 1431. Is o a prime number?
True
Suppose -v - 57*c + 19151 = -60*c, 0 = 4*v - 3*c - 76604. Is v composite?
True
Let g = 311 + -601. Let m = 879 - g. Is m composite?
True
Suppose 3*g + 0*g = -2*n + 24786, 5*n - 2*g - 61927 = 0. Is n composite?
True
Let g(p) = -p**3 - 8*p**2 + 1. Let k be g(-8). Let m = k + 73. Suppose m = -j + 3*j. Is j a composite number?
False
Suppose -v - u = -0*u - 3, 4*v - 42 = 2*u. Is (2/v)/(1/388) a prime number?
True
Suppose -32*h + 14*h + 70182 = 0. Is h a composite number?
True
Let c be -2 - -7 - (20630 + -1). Let h = -7209 - c. Is h composite?
True
Suppose -4 = 4*o, 4*c + 4 = 2*o - 10. Is -5*c/(-12)*-51 composite?
True
Suppose -3*x - 6*x = -50967. Is x a composite number?
True
Let x(t) = t**3 - 10*t**2 + 2*t - 1. Let h(o) = 3*o**3 - 29*o**2 + 6*o - 3. Let q(s) = 2*h(s) - 7*x(s). Is q(6) composite?
True
Let n(h) = 253*h**2 + 3*h - 7. Is n(3) a composite number?
True
Suppose 131*z = 128*z + 104205. Is z a composite number?
True
Let t be -7*((-20)/(-28))/(-5). Is (-48)/12 + t*1341 a prime number?
False
Let z = 1685 - 2924. Let u = z + 2128. Is u composite?
True
Suppose 10 = 4*d - 3*a, -4*a = -3*d - 0*a + 11. Is ((-1)/d)/(-1*(-5)/(-2955)) prime?
False
Let b(t) = -36*t**2 + t + 1. Let s(u) = -36*u**2 + u + 1. Let n(i) = -4*b(i) + 3*s(i). Is n(-2) a composite number?
True
Suppose -96*h + 101*h = -20. Is (-119731)/(-85) - h/10 composite?
False
Let x = 9814 + -6623. Is x prime?
True
Let l = 1 + 7. Suppose 9*t - l*t = 0. Suppose 0 = -5*i - 25, p - i - 72 - 54 = t. Is p a composite number?
True
Let u = 1169 + -2262. Let r = u - -1784. Is r a prime number?
True
Let u(z) = -79*z - 47. Let a be u(12). Let t = a + 1974. Is t a prime number?
False
Let v be (-7052)/(-6) + 56/12 + -4. Let n = -250 + v. Is n a prime number?
False
Suppose -14512 = -7*k + 3*k. Suppose 3*o - k = -o. Is o composite?
False
Suppose -h - 12 = -10. Is h/(-8) - (-4760)/32 prime?
True
Suppose 4*a - 4*w = 1264, -w + 624 = 2*a + w. Is (a/2)/(1*(-1)/(-5)) prime?
False
Let v = -51 - 26. Let b(i) = -13*i - 28. Let h be b(-11). Let r = v + h. Is r a prime number?
False
Let f(m) be the first derivative of m**4/4 + 11*m**3/3 - 9*m**2/2 + m + 5. Let p be f(-9). Suppose 4*y - p = -24. Is y a prime number?
False
Suppose 429*j + 24147 = 438*j. Is j composite?
False
Let f(u) be the third derivative of u**6/120 + u**4/24 - 2*u**3/3 - 5*u**2. Let h be f(0). Is h*((-612)/16 + -1) a prime number?
True
Suppose 3*h - 19 = 4*j - 3, -2*j + h = 8. Is 30270/20*j/(-6) a composite number?
False
Suppose -2*x + 20 = 5*k, 2*x - 8 = -3*k + 8. Suppose -7*t = -k*t - 1340. Suppose -2*v - 2*w = -t, 0 = 2*v - 0*v + w - 273. Is v composite?
False
Suppose -15113 - 13837 = -3*b - 5*f, 3*f = -9. Is b prime?
False
Suppose 5*x = -2*y + 7*y + 5320, -3*x - 5*y + 3216 = 0. Is x composite?
True
Let j = -43 - -45. Suppose r - 2*m = 979, -j*r + 4*m + 2937 = r. Is r a composite number?
True
Is -8 + 4086 - ((1 - 2) + 6) composite?
False
Let n = 52962 + -23245. Is n composite?
False
Let y(q) be the third derivative of 41*q**4/24 + q**3/6 + 32*q**2. Is y(6) composite?
True
Let j(w) = -w**3 - 7*w**2 + w + 3. Let i be j(-8). Suppose i = 3*k - 3*c + 17, 0 = 3*k + 3*c - 30. Let x = 41 + k. Is x a prime number?
True
Suppose -m = -2, k + 2*m + 9226 = -4*k. Let j = -1100 - k. Is j a prime number?
False
Suppose 6*b - 2*b - 24 = 0. Suppose -4*x = u + 63, b*x + 33 = 4*x - u. Let s(g) = -5*g + 14. Is s(x) composite?
False
Let f be 1 + (16353 - 2) + 1*4. Suppose -20*j + f = -8*j. Is j prime?
False
Suppose -4*c = 3*h + 29804 + 4685, -2*c - 4*h = 17252. Is c/(-8)*(-6)/(-15) composite?
False
Let r(w) = -w**3 - w**2 - 32*w - 13. Is r(-10) prime?
False
Let g(b) = 2*b**3 - 7*b**2 - 3*b - 2. Let a be g(7). Suppose -2*y + a = -0*y. Is y - (0 - (2 - 1)) prime?
False
Suppose 88*o = 89*o - 16183. Is o prime?
True
Let y be (-4)/(-26) - 48/(-26). Suppose -3*l = -y*c + 1400, 524 = -5*c + 2*l + 4013. Is c a composite number?
True
Suppose -5975 = -5*c - 4*o, -9*o = -4*c - 5*o + 4816. Let w = c + -528. Is w composite?
True
Let d(c) = 7*